{"id":56,"date":"2019-12-16T16:30:33","date_gmt":"2019-12-16T15:30:33","guid":{"rendered":"http:\/\/jeea-h2-2020.utbm.fr\/?page_id=56"},"modified":"2020-03-31T11:05:14","modified_gmt":"2020-03-31T09:05:14","slug":"actualite","status":"publish","type":"page","link":"https:\/\/jeea-h2-2020.utbm.fr\/?page_id=56","title":{"rendered":"Actualit\u00e9"},"content":{"rendered":"\n<p class=\"has-text-color has-large-font-size has-vivid-red-color\"> <strong>la situation li\u00e9e au COVID-19 nous am\u00e8ne \u00e0 reporter les journ\u00e9es \u00e0 une date ult\u00e9rieure<\/strong> <\/p>\n\n\n\n<p class=\"has-text-color has-large-font-size has-vivid-cyan-blue-color\">Les inscriptions en ligne sont ouvertes<\/p>\n\n\n\n<p> NOS PARTENAIRES <\/p>\n\n\n\n<figure class=\"wp-block-gallery alignwide columns-1 wp-block-gallery-1 is-layout-flex wp-block-gallery-is-layout-flex\"><ul class=\"blocks-gallery-grid\"><li class=\"blocks-gallery-item\"><figure><img loading=\"lazy\" decoding=\"async\" width=\"1024\" height=\"190\" src=\"http:\/\/jeea-h2-2020.utbm.fr\/wp-content\/uploads\/2020\/02\/LOGOS-partenaires-1024x190.jpg\" alt=\"\" data-id=\"275\" data-full-url=\"http:\/\/jeea-h2-2020.utbm.fr\/wp-content\/uploads\/2020\/02\/LOGOS-partenaires.jpg\" data-link=\"http:\/\/jeea-h2-2020.utbm.fr\/?attachment_id=275\" class=\"wp-image-275\" srcset=\"https:\/\/jeea-h2-2020.utbm.fr\/wp-content\/uploads\/2020\/02\/LOGOS-partenaires-1024x190.jpg 1024w, https:\/\/jeea-h2-2020.utbm.fr\/wp-content\/uploads\/2020\/02\/LOGOS-partenaires-300x56.jpg 300w, https:\/\/jeea-h2-2020.utbm.fr\/wp-content\/uploads\/2020\/02\/LOGOS-partenaires-768x142.jpg 768w, https:\/\/jeea-h2-2020.utbm.fr\/wp-content\/uploads\/2020\/02\/LOGOS-partenaires-830x154.jpg 830w, https:\/\/jeea-h2-2020.utbm.fr\/wp-content\/uploads\/2020\/02\/LOGOS-partenaires-230x43.jpg 230w, https:\/\/jeea-h2-2020.utbm.fr\/wp-content\/uploads\/2020\/02\/LOGOS-partenaires-350x65.jpg 350w, https:\/\/jeea-h2-2020.utbm.fr\/wp-content\/uploads\/2020\/02\/LOGOS-partenaires-480x89.jpg 480w, https:\/\/jeea-h2-2020.utbm.fr\/wp-content\/uploads\/2020\/02\/LOGOS-partenaires.jpg 1134w\" sizes=\"auto, (max-width: 1024px) 100vw, 1024px\" \/><\/figure><\/li><\/ul><\/figure>\n\n\n\n<p><\/p>\n\n\n\n<p> NOS SPONSORS <\/p>\n\n\n\n<figure class=\"wp-block-gallery alignwide columns-0 wp-block-gallery-2 is-layout-flex wp-block-gallery-is-layout-flex\"><ul class=\"blocks-gallery-grid\"><li class=\"blocks-gallery-item\"><figure><img loading=\"lazy\" decoding=\"async\" width=\"928\" height=\"108\" src=\"http:\/\/jeea-h2-2020.utbm.fr\/wp-content\/uploads\/2020\/02\/LOGOS-sponsors.jpg\" alt=\"\" data-id=\"276\" data-full-url=\"http:\/\/jeea-h2-2020.utbm.fr\/wp-content\/uploads\/2020\/02\/LOGOS-sponsors.jpg\" data-link=\"http:\/\/jeea-h2-2020.utbm.fr\/?attachment_id=276\" class=\"wp-image-276\" srcset=\"https:\/\/jeea-h2-2020.utbm.fr\/wp-content\/uploads\/2020\/02\/LOGOS-sponsors.jpg 928w, https:\/\/jeea-h2-2020.utbm.fr\/wp-content\/uploads\/2020\/02\/LOGOS-sponsors-300x35.jpg 300w, https:\/\/jeea-h2-2020.utbm.fr\/wp-content\/uploads\/2020\/02\/LOGOS-sponsors-768x89.jpg 768w, https:\/\/jeea-h2-2020.utbm.fr\/wp-content\/uploads\/2020\/02\/LOGOS-sponsors-830x97.jpg 830w, https:\/\/jeea-h2-2020.utbm.fr\/wp-content\/uploads\/2020\/02\/LOGOS-sponsors-230x27.jpg 230w, https:\/\/jeea-h2-2020.utbm.fr\/wp-content\/uploads\/2020\/02\/LOGOS-sponsors-350x41.jpg 350w, https:\/\/jeea-h2-2020.utbm.fr\/wp-content\/uploads\/2020\/02\/LOGOS-sponsors-480x56.jpg 480w\" sizes=\"auto, (max-width: 928px) 100vw, 928px\" \/><\/figure><\/li><\/ul><\/figure>\n","protected":false},"excerpt":{"rendered":"<p>la situation li\u00e9e au COVID-19 nous am\u00e8ne \u00e0 reporter les journ\u00e9es \u00e0 une date ult\u00e9rieure Les inscriptions en ligne sont ouvertes NOS PARTENAIRES NOS SPONSORS<\/p>\n","protected":false},"author":3,"featured_media":0,"parent":0,"menu_order":0,"comment_status":"closed","ping_status":"closed","template":"","meta":{"footnotes":""},"class_list":["post-56","page","type-page","status-publish","hentry"],"_links":{"self":[{"href":"https:\/\/jeea-h2-2020.utbm.fr\/index.php?rest_route=\/wp\/v2\/pages\/56","targetHints":{"allow":["GET"]}}],"collection":[{"href":"https:\/\/jeea-h2-2020.utbm.fr\/index.php?rest_route=\/wp\/v2\/pages"}],"about":[{"href":"https:\/\/jeea-h2-2020.utbm.fr\/index.php?rest_route=\/wp\/v2\/types\/page"}],"author":[{"embeddable":true,"href":"https:\/\/jeea-h2-2020.utbm.fr\/index.php?rest_route=\/wp\/v2\/users\/3"}],"replies":[{"embeddable":true,"href":"https:\/\/jeea-h2-2020.utbm.fr\/index.php?rest_route=%2Fwp%2Fv2%2Fcomments&post=56"}],"version-history":[{"count":19,"href":"https:\/\/jeea-h2-2020.utbm.fr\/index.php?rest_route=\/wp\/v2\/pages\/56\/revisions"}],"predecessor-version":[{"id":310,"href":"https:\/\/jeea-h2-2020.utbm.fr\/index.php?rest_route=\/wp\/v2\/pages\/56\/revisions\/310"}],"wp:attachment":[{"href":"https:\/\/jeea-h2-2020.utbm.fr\/index.php?rest_route=%2Fwp%2Fv2%2Fmedia&parent=56"}],"curies":[{"name":"wp","href":"https:\/\/api.w.org\/{rel}","templated":true}]}}